{"id":7572,"date":"2025-02-17T14:00:30","date_gmt":"2025-02-17T13:00:30","guid":{"rendered":"https:\/\/detallesboda.com\/?product=boligrafo-graduado-negro"},"modified":"2025-05-14T11:16:36","modified_gmt":"2025-05-14T09:16:36","slug":"boligrafo-graduado-negro","status":"publish","type":"product","link":"https:\/\/detallesboda.com\/?product=boligrafo-graduado-negro","title":{"rendered":"BOL\u00cdGRAFO &#8220;GRADUADO&#8221; NEGRO"},"content":{"rendered":"<p>BOL\u00cdGRAFO &#8220;GRADUADO&#8221; NEGRO<\/p>\n<p>\u00a0<\/p>\n<p>Un detalle para recordar un d\u00eda importante de graduaci\u00f3n y muy pr\u00e1ctico.<\/p>\n<p>Medidas:\u00a017,5 x 2,3cm<\/p>\n","protected":false},"excerpt":{"rendered":"<p>BOL\u00cdGRAFO &#8220;GRADUADO&#8221; NEGRO<br \/>\n\u00a0<br \/>\nUn detalle para recor<\/p>\n","protected":false},"featured_media":8186,"comment_status":"open","ping_status":"open","template":"","meta":{"_monsterinsights_skip_tracking":false,"_monsterinsights_sitenote_active":false,"_monsterinsights_sitenote_note":"","_monsterinsights_sitenote_category":0},"product_brand":[],"product_cat":[106],"product_tag":[],"class_list":{"0":"post-7572","1":"product","2":"type-product","3":"status-publish","4":"has-post-thumbnail","6":"product_cat-party-fiesta","8":"first","9":"instock","10":"shipping-taxable","11":"purchasable","12":"product-type-simple"},"yoast_head":"<!-- This site is optimized with the Yoast SEO Premium plugin v24.4 (Yoast SEO v24.4) - https:\/\/yoast.com\/wordpress\/plugins\/seo\/ -->\n<title>BOL\u00cdGRAFO &quot;GRADUADO&quot; NEGRO - detallesboda.com<\/title>\n<meta name=\"robots\" content=\"index, follow, max-snippet:-1, max-image-preview:large, max-video-preview:-1\" \/>\n<link rel=\"canonical\" href=\"https:\/\/detallesboda.com\/?product=boligrafo-graduado-negro\" \/>\n<meta property=\"og:locale\" content=\"en_US\" \/>\n<meta property=\"og:type\" content=\"article\" \/>\n<meta property=\"og:title\" content=\"BOL\u00cdGRAFO &quot;GRADUADO&quot; NEGRO\" \/>\n<meta property=\"og:description\" content=\"BOL\u00cdGRAFO &quot;GRADUADO&quot; NEGRO \u00a0 Un detalle para recor\" \/>\n<meta property=\"og:url\" content=\"https:\/\/detallesboda.com\/?product=boligrafo-graduado-negro\" \/>\n<meta property=\"og:site_name\" content=\"detallesboda.com\" \/>\n<meta property=\"article:modified_time\" content=\"2025-05-14T09:16:36+00:00\" \/>\n<meta property=\"og:image\" content=\"https:\/\/detallesboda.com\/wp-content\/uploads\/2025\/02\/6235.png\" \/>\n\t<meta property=\"og:image:width\" content=\"350\" \/>\n\t<meta property=\"og:image:height\" content=\"441\" \/>\n\t<meta property=\"og:image:type\" content=\"image\/png\" \/>\n<meta name=\"twitter:card\" content=\"summary_large_image\" \/>\n<script type=\"application\/ld+json\" class=\"yoast-schema-graph\">{\"@context\":\"https:\/\/schema.org\",\"@graph\":[{\"@type\":\"WebPage\",\"@id\":\"https:\/\/detallesboda.com\/?product=boligrafo-graduado-negro\",\"url\":\"https:\/\/detallesboda.com\/?product=boligrafo-graduado-negro\",\"name\":\"BOL\u00cdGRAFO \\\"GRADUADO\\\" NEGRO - detallesboda.com\",\"isPartOf\":{\"@id\":\"https:\/\/detallesboda.com\/#website\"},\"primaryImageOfPage\":{\"@id\":\"https:\/\/detallesboda.com\/?product=boligrafo-graduado-negro#primaryimage\"},\"image\":{\"@id\":\"https:\/\/detallesboda.com\/?product=boligrafo-graduado-negro#primaryimage\"},\"thumbnailUrl\":\"https:\/\/detallesboda.com\/wp-content\/uploads\/2025\/02\/6235.png\",\"datePublished\":\"2025-02-17T13:00:30+00:00\",\"dateModified\":\"2025-05-14T09:16:36+00:00\",\"breadcrumb\":{\"@id\":\"https:\/\/detallesboda.com\/?product=boligrafo-graduado-negro#breadcrumb\"},\"inLanguage\":\"en-US\",\"potentialAction\":[{\"@type\":\"ReadAction\",\"target\":[\"https:\/\/detallesboda.com\/?product=boligrafo-graduado-negro\"]}]},{\"@type\":\"ImageObject\",\"inLanguage\":\"en-US\",\"@id\":\"https:\/\/detallesboda.com\/?product=boligrafo-graduado-negro#primaryimage\",\"url\":\"https:\/\/detallesboda.com\/wp-content\/uploads\/2025\/02\/6235.png\",\"contentUrl\":\"https:\/\/detallesboda.com\/wp-content\/uploads\/2025\/02\/6235.png\",\"width\":350,\"height\":441},{\"@type\":\"BreadcrumbList\",\"@id\":\"https:\/\/detallesboda.com\/?product=boligrafo-graduado-negro#breadcrumb\",\"itemListElement\":[{\"@type\":\"ListItem\",\"position\":1,\"name\":\"Home\",\"item\":\"https:\/\/www.detallesboda.com\/\"},{\"@type\":\"ListItem\",\"position\":2,\"name\":\"Shop\",\"item\":\"https:\/\/www.detallesboda.com\/?page_id=6\"},{\"@type\":\"ListItem\",\"position\":3,\"name\":\"BOL\u00cdGRAFO &#8220;GRADUADO&#8221; NEGRO\"}]},{\"@type\":\"WebSite\",\"@id\":\"https:\/\/detallesboda.com\/#website\",\"url\":\"https:\/\/detallesboda.com\/\",\"name\":\"detallesboda.com\",\"description\":\"En detallesboda.com, tenemos una gran variedad de m\u00e1s de mil art\u00edculos para regalar como detalle a tus queridos invitados. Compra online y personaliza cualquiera de nuestro productos\",\"potentialAction\":[{\"@type\":\"SearchAction\",\"target\":{\"@type\":\"EntryPoint\",\"urlTemplate\":\"https:\/\/detallesboda.com\/?s={search_term_string}\"},\"query-input\":{\"@type\":\"PropertyValueSpecification\",\"valueRequired\":true,\"valueName\":\"search_term_string\"}}],\"inLanguage\":\"en-US\"}]}<\/script>\n<!-- \/ Yoast SEO Premium plugin. -->","yoast_head_json":{"title":"BOL\u00cdGRAFO \"GRADUADO\" NEGRO - detallesboda.com","robots":{"index":"index","follow":"follow","max-snippet":"max-snippet:-1","max-image-preview":"max-image-preview:large","max-video-preview":"max-video-preview:-1"},"canonical":"https:\/\/detallesboda.com\/?product=boligrafo-graduado-negro","og_locale":"en_US","og_type":"article","og_title":"BOL\u00cdGRAFO \"GRADUADO\" NEGRO","og_description":"BOL\u00cdGRAFO \"GRADUADO\" NEGRO \u00a0 Un detalle para recor","og_url":"https:\/\/detallesboda.com\/?product=boligrafo-graduado-negro","og_site_name":"detallesboda.com","article_modified_time":"2025-05-14T09:16:36+00:00","og_image":[{"width":350,"height":441,"url":"https:\/\/detallesboda.com\/wp-content\/uploads\/2025\/02\/6235.png","type":"image\/png"}],"twitter_card":"summary_large_image","schema":{"@context":"https:\/\/schema.org","@graph":[{"@type":"WebPage","@id":"https:\/\/detallesboda.com\/?product=boligrafo-graduado-negro","url":"https:\/\/detallesboda.com\/?product=boligrafo-graduado-negro","name":"BOL\u00cdGRAFO \"GRADUADO\" NEGRO - detallesboda.com","isPartOf":{"@id":"https:\/\/detallesboda.com\/#website"},"primaryImageOfPage":{"@id":"https:\/\/detallesboda.com\/?product=boligrafo-graduado-negro#primaryimage"},"image":{"@id":"https:\/\/detallesboda.com\/?product=boligrafo-graduado-negro#primaryimage"},"thumbnailUrl":"https:\/\/detallesboda.com\/wp-content\/uploads\/2025\/02\/6235.png","datePublished":"2025-02-17T13:00:30+00:00","dateModified":"2025-05-14T09:16:36+00:00","breadcrumb":{"@id":"https:\/\/detallesboda.com\/?product=boligrafo-graduado-negro#breadcrumb"},"inLanguage":"en-US","potentialAction":[{"@type":"ReadAction","target":["https:\/\/detallesboda.com\/?product=boligrafo-graduado-negro"]}]},{"@type":"ImageObject","inLanguage":"en-US","@id":"https:\/\/detallesboda.com\/?product=boligrafo-graduado-negro#primaryimage","url":"https:\/\/detallesboda.com\/wp-content\/uploads\/2025\/02\/6235.png","contentUrl":"https:\/\/detallesboda.com\/wp-content\/uploads\/2025\/02\/6235.png","width":350,"height":441},{"@type":"BreadcrumbList","@id":"https:\/\/detallesboda.com\/?product=boligrafo-graduado-negro#breadcrumb","itemListElement":[{"@type":"ListItem","position":1,"name":"Home","item":"https:\/\/www.detallesboda.com\/"},{"@type":"ListItem","position":2,"name":"Shop","item":"https:\/\/www.detallesboda.com\/?page_id=6"},{"@type":"ListItem","position":3,"name":"BOL\u00cdGRAFO &#8220;GRADUADO&#8221; NEGRO"}]},{"@type":"WebSite","@id":"https:\/\/detallesboda.com\/#website","url":"https:\/\/detallesboda.com\/","name":"detallesboda.com","description":"En detallesboda.com, tenemos una gran variedad de m\u00e1s de mil art\u00edculos para regalar como detalle a tus queridos invitados. Compra online y personaliza cualquiera de nuestro productos","potentialAction":[{"@type":"SearchAction","target":{"@type":"EntryPoint","urlTemplate":"https:\/\/detallesboda.com\/?s={search_term_string}"},"query-input":{"@type":"PropertyValueSpecification","valueRequired":true,"valueName":"search_term_string"}}],"inLanguage":"en-US"}]}},"_links":{"self":[{"href":"https:\/\/detallesboda.com\/index.php?rest_route=\/wp\/v2\/product\/7572","targetHints":{"allow":["GET"]}}],"collection":[{"href":"https:\/\/detallesboda.com\/index.php?rest_route=\/wp\/v2\/product"}],"about":[{"href":"https:\/\/detallesboda.com\/index.php?rest_route=\/wp\/v2\/types\/product"}],"replies":[{"embeddable":true,"href":"https:\/\/detallesboda.com\/index.php?rest_route=%2Fwp%2Fv2%2Fcomments&post=7572"}],"wp:featuredmedia":[{"embeddable":true,"href":"https:\/\/detallesboda.com\/index.php?rest_route=\/wp\/v2\/media\/8186"}],"wp:attachment":[{"href":"https:\/\/detallesboda.com\/index.php?rest_route=%2Fwp%2Fv2%2Fmedia&parent=7572"}],"wp:term":[{"taxonomy":"product_brand","embeddable":true,"href":"https:\/\/detallesboda.com\/index.php?rest_route=%2Fwp%2Fv2%2Fproduct_brand&post=7572"},{"taxonomy":"product_cat","embeddable":true,"href":"https:\/\/detallesboda.com\/index.php?rest_route=%2Fwp%2Fv2%2Fproduct_cat&post=7572"},{"taxonomy":"product_tag","embeddable":true,"href":"https:\/\/detallesboda.com\/index.php?rest_route=%2Fwp%2Fv2%2Fproduct_tag&post=7572"}],"curies":[{"name":"wp","href":"https:\/\/api.w.org\/{rel}","templated":true}]}}